{"id":34,"date":"2019-02-28T08:53:36","date_gmt":"2019-02-28T08:53:36","guid":{"rendered":"http:\/\/www.rodbrzozy.pl\/?page_id=34"},"modified":"2022-06-29T17:57:45","modified_gmt":"2022-06-29T17:57:45","slug":"wzory-dokumentow","status":"publish","type":"page","link":"https:\/\/www.rodbrzozy.pl\/?page_id=34","title":{"rendered":"Wzory dokument\u00f3w"},"content":{"rendered":"\r\n<ol>\r\n<li><span style=\"font-size: 20px;\"><a href=\"https:\/\/www.rodbrzozy.pl\/wp-content\/uploads\/2021\/03\/2-umowa-przeniesienia-prawa-do-dzialki-GOTOWE.docx\">Umowa przeniesienia prawa do dzia\u0142ki ( potwierdzona notarialnie ).<\/a><\/span><\/li>\r\n<li><span style=\"font-size: 20px;\"><a href=\"https:\/\/www.rodbrzozy.pl\/wp-content\/uploads\/2019\/03\/Wzor-deklaracji-czlonkowskiej-.docx\">Deklaracja cz\u0142onkowska<\/a>.<\/span><\/li>\r\n<li><span style=\"font-size: 20px;\"><a href=\"https:\/\/www.rodbrzozy.pl\/wp-content\/uploads\/2021\/03\/4-wniosek_o_zatwierdzenie_przeniesienia_prawa_do_dziaki-GOTOWE.docx\">Wniosek o zatwierdzenie przeniesienia prawa do dzia\u0142ki.<\/a><\/span><\/li>\r\n<li><span style=\"font-size: 20px;\"><a href=\"http:\/\/www.rodbrzozy.pl\/wp-content\/uploads\/2019\/02\/Wniosek-osoby-bliskiej-o-ustanowienie-prawa-po-zmarlym-dziakowcu-01.doc\">Wniosek osoby bliskiej o ustanowienie prawa po zmar\u0142ym dzia\u0142kowcu <\/a><\/span><\/li>\r\n<li><span style=\"font-size: 20px;\"><a href=\"https:\/\/www.rodbrzozy.pl\/wp-content\/uploads\/2021\/03\/1-Umowa_dzierzawy_dzialkowej.docx\">Umowa dzier\u017cawy dzia\u0142ki<\/a><\/span><\/li>\r\n<li><span style=\"font-size: 20px;\"><a href=\"http:\/\/www.rodbrzozy.pl\/wp-content\/uploads\/2019\/02\/Oswiadczenie-o-wstapieniu-w-prawa-do-dzialki-po-zmarlym-wspolmalzonku-01.doc\">O\u015bwiadczenie o wst\u0105pieniu w prawa do dzia\u0142ki po zmar\u0142ym wsp\u00f3\u0142ma\u0142\u017conku<\/a><\/span><\/li>\r\n<li><span style=\"font-size: 20px;\"><a href=\"https:\/\/www.rodbrzozy.pl\/wp-content\/uploads\/2019\/09\/wniosek-usuni\u0119cie-drzew-przedsi\u0119biorstwa-wsp\u00f3lnoty-sp\u00f3\u0142dzielnie-mieszkaniowe.doc\">Wniosek o wycink\u0119 drzew<\/a> &#8211; do wniosku nale\u017cy do\u0142\u0105czy\u0107 ksero dokumentu potwierdzaj\u0105cego przydzia\u0142 dzia\u0142ki, oraz dokumentacj\u0119 zdj\u0119ciow\u0105 drzew.\u00a0<\/span><\/li>\r\n<\/ol>\r\n<p>&nbsp;<\/p>\r\n<p>&nbsp;<\/p>\r\n<p style=\"text-align: center;\"><span style=\"font-size: 20px;\"><strong>Zgodnie z Uchwa\u0142\u0105 Zarz\u0105du ROD \u201eBRZOZY\u201d z dn. 27.07.2019.<\/strong><\/span><\/p>\r\n<p style=\"text-align: center;\"><span style=\"font-size: 20px;\">(Uchwa\u0142a nr 23\/2019) kupuj\u0105cy dzia\u0142k\u0119 dokonuje wp\u0142aty na konto ogrodu w wysoko\u015bci:<\/span><\/p>\r\n<p>&nbsp;<\/p>\r\n<p style=\"text-align: center;\"><span style=\"font-size: 20px;\">&#8211; <strong>1350 z\u0142<\/strong> \u2013 op\u0142ata inwestycyjna<\/span><\/p>\r\n<p style=\"text-align: center;\"><span style=\"font-size: 20px;\">oraz<\/span><\/p>\r\n<p style=\"text-align: center;\"><span style=\"font-size: 20px;\">\u2013\u00a0<strong>600 z\u0142<\/strong>\u00a0\u2013 podwy\u017cszona op\u0142ata ogrodowa \u2013 zgodnie z Uchwa\u0142\u0105 13\/I\/2022 z dn. 24.06.2022.. OM PZD<\/span><\/p>\r\n<p>&nbsp;<\/p>\r\n<p><span style=\"font-size: 20px;\">Dokumenty po\u015bwiadczaj\u0105ce prawo do dzia\u0142ki b\u0119d\u0105 wydawane dopiero po uiszczeniu wy\u017cej wymienionych op\u0142at.<\/span><\/p>\r\n","protected":false},"excerpt":{"rendered":"<p>Umowa przeniesienia prawa do dzia\u0142ki ( potwierdzona notarialnie ). Deklaracja cz\u0142onkowska. Wniosek o zatwierdzenie przeniesienia prawa do dzia\u0142ki. Wniosek osoby bliskiej o ustanowienie prawa po zmar\u0142ym dzia\u0142kowcu Umowa dzier\u017cawy dzia\u0142ki O\u015bwiadczenie o wst\u0105pieniu w prawa do dzia\u0142ki po zmar\u0142ym wsp\u00f3\u0142ma\u0142\u017conku<\/p>\n","protected":false},"author":1,"featured_media":0,"parent":0,"menu_order":0,"comment_status":"closed","ping_status":"closed","template":"","meta":{"footnotes":""},"class_list":["post-34","page","type-page","status-publish","hentry"],"jetpack_sharing_enabled":true,"_links":{"self":[{"href":"https:\/\/www.rodbrzozy.pl\/index.php?rest_route=\/wp\/v2\/pages\/34","targetHints":{"allow":["GET"]}}],"collection":[{"href":"https:\/\/www.rodbrzozy.pl\/index.php?rest_route=\/wp\/v2\/pages"}],"about":[{"href":"https:\/\/www.rodbrzozy.pl\/index.php?rest_route=\/wp\/v2\/types\/page"}],"author":[{"embeddable":true,"href":"https:\/\/www.rodbrzozy.pl\/index.php?rest_route=\/wp\/v2\/users\/1"}],"replies":[{"embeddable":true,"href":"https:\/\/www.rodbrzozy.pl\/index.php?rest_route=%2Fwp%2Fv2%2Fcomments&post=34"}],"version-history":[{"count":13,"href":"https:\/\/www.rodbrzozy.pl\/index.php?rest_route=\/wp\/v2\/pages\/34\/revisions"}],"predecessor-version":[{"id":1286,"href":"https:\/\/www.rodbrzozy.pl\/index.php?rest_route=\/wp\/v2\/pages\/34\/revisions\/1286"}],"wp:attachment":[{"href":"https:\/\/www.rodbrzozy.pl\/index.php?rest_route=%2Fwp%2Fv2%2Fmedia&parent=34"}],"curies":[{"name":"wp","href":"https:\/\/api.w.org\/{rel}","templated":true}]}}